{"id":100382,"date":"2020-05-30T09:00:41","date_gmt":"2020-05-30T07:00:41","guid":{"rendered":"https:\/\/valerie-lacroix-immobilier.com\/?post_type=at_biz_dir&#038;p=100382"},"modified":"2025-08-28T16:48:35","modified_gmt":"2025-08-28T14:48:35","slug":"appartement-t3-arcachon-centre","status":"publish","type":"at_biz_dir","link":"https:\/\/valerie-lacroix-immobilier.com\/en\/annonce\/appartement-t3-arcachon-centre\/","title":{"rendered":"Appartement T3 &#8211; Arcachon centre"},"content":{"rendered":"<div class=\"elementor-element elementor-element-05f8008 elementor-widget elementor-widget-text-editor is-mac\" data-id=\"05f8008\" data-element_type=\"widget\" data-widget_type=\"text-editor.default\">\n<h2 class=\"elementor-widget-container\">Emplacement tr\u00e8s pris\u00e9 avec vue sur la Place des Marquises pour ce T3 traversant en parfait \u00e9tat.<\/h2>\n<\/div>\n<div class=\"elementor-element elementor-element-9c6e398 elementor-widget elementor-widget-text-editor is-mac\" data-id=\"9c6e398\" data-element_type=\"widget\" data-widget_type=\"text-editor.default\">\n<div class=\"elementor-widget-container\">Beau Type 3 traversant de 68m2 habitables compos\u00e9 comme suit : Salon-s\u00e9jour de 27m2, cuisine \u00e9quip\u00e9e avec sa loggia expos\u00e9e sud sans vis-\u00e0-vis, 2 chambres avec balcons, wc ind\u00e9pendant, une salle de bains.<\/div>\n<\/div>","protected":false},"author":2,"comment_status":"closed","ping_status":"closed","template":"","atbdp_listing_types":[42],"at_biz_dir-category":[73],"at_biz_dir-location":[19],"at_biz_dir-tags":[],"class_list":["post-100382","at_biz_dir","type-at_biz_dir","status-publish","has-post-thumbnail","hentry","atbdp_listing_types-lesbiens","at_biz_dir-category-8-vendu","at_biz_dir-location-bassin-darcachon"],"yoast_head":"<!-- This site is optimized with the Yoast SEO plugin v28.3 - https:\/\/yoast.com\/product\/yoast-seo-wordpress\/ -->\n<title>Appartement T3 - Arcachon centre - Val\u00e9rie Lacroix Immobilier<\/title>\n<meta name=\"description\" content=\"Emplacement tr\u00e8s pris\u00e9 avec vue sur la Place des Marquises pour cet appartement T3 traversant en parfait \u00e9tat.\" \/>\n<meta name=\"robots\" content=\"index, follow, max-snippet:-1, max-image-preview:large, max-video-preview:-1\" \/>\n<link rel=\"canonical\" href=\"https:\/\/valerie-lacroix-immobilier.com\/en\/annonce\/appartement-t3-arcachon-centre\/\" \/>\n<meta property=\"og:locale\" content=\"en_US\" \/>\n<meta property=\"og:type\" content=\"article\" \/>\n<meta property=\"og:title\" content=\"Appartement T3 - Arcachon centre - Val\u00e9rie Lacroix Immobilier\" \/>\n<meta property=\"og:description\" content=\"Emplacement tr\u00e8s pris\u00e9 avec vue sur la Place des Marquises pour cet appartement T3 traversant en parfait \u00e9tat.\" \/>\n<meta property=\"og:url\" content=\"https:\/\/valerie-lacroix-immobilier.com\/en\/annonce\/appartement-t3-arcachon-centre\/\" \/>\n<meta property=\"og:site_name\" content=\"Val\u00e9rie Lacroix Immobilier\" \/>\n<meta property=\"article:modified_time\" content=\"2025-08-28T14:48:35+00:00\" \/>\n<meta property=\"og:image\" content=\"https:\/\/valerie-lacroix-immobilier.com\/wp-content\/uploads\/2025\/07\/Facade-immeuble-cote-Place-des-Marquises-Arcachon-centre-scaled.webp\" \/>\n\t<meta property=\"og:image:width\" content=\"2214\" \/>\n\t<meta property=\"og:image:height\" content=\"2560\" \/>\n\t<meta property=\"og:image:type\" content=\"image\/webp\" \/>\n<meta name=\"twitter:card\" content=\"summary_large_image\" \/>\n<meta name=\"twitter:label1\" content=\"Est. reading time\" \/>\n\t<meta name=\"twitter:data1\" content=\"1 minute\" \/>\n<script type=\"application\/ld+json\" class=\"yoast-schema-graph\">{\"@context\":\"https:\\\/\\\/schema.org\",\"@graph\":[{\"@type\":\"WebPage\",\"@id\":\"https:\\\/\\\/valerie-lacroix-immobilier.com\\\/annonce\\\/appartement-t3-arcachon-centre\\\/\",\"url\":\"https:\\\/\\\/valerie-lacroix-immobilier.com\\\/annonce\\\/appartement-t3-arcachon-centre\\\/\",\"name\":\"Appartement T3 - Arcachon centre - Val\u00e9rie Lacroix Immobilier\",\"isPartOf\":{\"@id\":\"https:\\\/\\\/valerie-lacroix-immobilier.com\\\/#website\"},\"primaryImageOfPage\":{\"@id\":\"https:\\\/\\\/valerie-lacroix-immobilier.com\\\/annonce\\\/appartement-t3-arcachon-centre\\\/#primaryimage\"},\"image\":{\"@id\":\"https:\\\/\\\/valerie-lacroix-immobilier.com\\\/annonce\\\/appartement-t3-arcachon-centre\\\/#primaryimage\"},\"thumbnailUrl\":\"https:\\\/\\\/valerie-lacroix-immobilier.com\\\/wp-content\\\/uploads\\\/2025\\\/07\\\/Facade-immeuble-cote-Place-des-Marquises-Arcachon-centre-scaled.webp\",\"datePublished\":\"2020-05-30T07:00:41+00:00\",\"dateModified\":\"2025-08-28T14:48:35+00:00\",\"description\":\"Emplacement tr\u00e8s pris\u00e9 avec vue sur la Place des Marquises pour cet appartement T3 traversant en parfait \u00e9tat.\",\"breadcrumb\":{\"@id\":\"https:\\\/\\\/valerie-lacroix-immobilier.com\\\/annonce\\\/appartement-t3-arcachon-centre\\\/#breadcrumb\"},\"inLanguage\":\"en-US\",\"potentialAction\":[{\"@type\":\"ReadAction\",\"target\":[\"https:\\\/\\\/valerie-lacroix-immobilier.com\\\/annonce\\\/appartement-t3-arcachon-centre\\\/\"]}]},{\"@type\":\"ImageObject\",\"inLanguage\":\"en-US\",\"@id\":\"https:\\\/\\\/valerie-lacroix-immobilier.com\\\/annonce\\\/appartement-t3-arcachon-centre\\\/#primaryimage\",\"url\":\"https:\\\/\\\/valerie-lacroix-immobilier.com\\\/wp-content\\\/uploads\\\/2025\\\/07\\\/Facade-immeuble-cote-Place-des-Marquises-Arcachon-centre-scaled.webp\",\"contentUrl\":\"https:\\\/\\\/valerie-lacroix-immobilier.com\\\/wp-content\\\/uploads\\\/2025\\\/07\\\/Facade-immeuble-cote-Place-des-Marquises-Arcachon-centre-scaled.webp\",\"width\":2214,\"height\":2560,\"caption\":\"Fac\u0327ade immeuble co\u0302te\u0301 Place des Marquises Arcachon centre\"},{\"@type\":\"BreadcrumbList\",\"@id\":\"https:\\\/\\\/valerie-lacroix-immobilier.com\\\/annonce\\\/appartement-t3-arcachon-centre\\\/#breadcrumb\",\"itemListElement\":[{\"@type\":\"ListItem\",\"position\":1,\"name\":\"Accueil\",\"item\":\"https:\\\/\\\/valerie-lacroix-immobilier.com\\\/\"},{\"@type\":\"ListItem\",\"position\":2,\"name\":\"Appartement T3 &#8211; Arcachon centre\"}]},{\"@type\":\"WebSite\",\"@id\":\"https:\\\/\\\/valerie-lacroix-immobilier.com\\\/#website\",\"url\":\"https:\\\/\\\/valerie-lacroix-immobilier.com\\\/\",\"name\":\"Val\u00e9rie Lacroix Immobilier\",\"description\":\"Bienvenue chez vous\",\"publisher\":{\"@id\":\"https:\\\/\\\/valerie-lacroix-immobilier.com\\\/#organization\"},\"alternateName\":\"Val\u00e9rie Lacroix Immobilier\",\"potentialAction\":[{\"@type\":\"SearchAction\",\"target\":{\"@type\":\"EntryPoint\",\"urlTemplate\":\"https:\\\/\\\/valerie-lacroix-immobilier.com\\\/?s={search_term_string}\"},\"query-input\":{\"@type\":\"PropertyValueSpecification\",\"valueRequired\":true,\"valueName\":\"search_term_string\"}}],\"inLanguage\":\"en-US\"},{\"@type\":\"Organization\",\"@id\":\"https:\\\/\\\/valerie-lacroix-immobilier.com\\\/#organization\",\"name\":\"Val\u00e9rie Lacroix Immobilier\",\"url\":\"https:\\\/\\\/valerie-lacroix-immobilier.com\\\/\",\"logo\":{\"@type\":\"ImageObject\",\"inLanguage\":\"en-US\",\"@id\":\"https:\\\/\\\/valerie-lacroix-immobilier.com\\\/#\\\/schema\\\/logo\\\/image\\\/\",\"url\":\"https:\\\/\\\/valerie-lacroix-immobilier.com\\\/wp-content\\\/uploads\\\/2025\\\/07\\\/cropped-valerie-lacroix-favicon.png\",\"contentUrl\":\"https:\\\/\\\/valerie-lacroix-immobilier.com\\\/wp-content\\\/uploads\\\/2025\\\/07\\\/cropped-valerie-lacroix-favicon.png\",\"width\":512,\"height\":512,\"caption\":\"Val\u00e9rie Lacroix Immobilier\"},\"image\":{\"@id\":\"https:\\\/\\\/valerie-lacroix-immobilier.com\\\/#\\\/schema\\\/logo\\\/image\\\/\"}}]}<\/script>\n<!-- \/ Yoast SEO plugin. -->","yoast_head_json":{"title":"Appartement T3 - Arcachon centre - Val\u00e9rie Lacroix Immobilier","description":"Emplacement tr\u00e8s pris\u00e9 avec vue sur la Place des Marquises pour cet appartement T3 traversant en parfait \u00e9tat.","robots":{"index":"index","follow":"follow","max-snippet":"max-snippet:-1","max-image-preview":"max-image-preview:large","max-video-preview":"max-video-preview:-1"},"canonical":"https:\/\/valerie-lacroix-immobilier.com\/en\/annonce\/appartement-t3-arcachon-centre\/","og_locale":"en_US","og_type":"article","og_title":"Appartement T3 - Arcachon centre - Val\u00e9rie Lacroix Immobilier","og_description":"Emplacement tr\u00e8s pris\u00e9 avec vue sur la Place des Marquises pour cet appartement T3 traversant en parfait \u00e9tat.","og_url":"https:\/\/valerie-lacroix-immobilier.com\/en\/annonce\/appartement-t3-arcachon-centre\/","og_site_name":"Val\u00e9rie Lacroix Immobilier","article_modified_time":"2025-08-28T14:48:35+00:00","og_image":[{"width":2214,"height":2560,"url":"https:\/\/valerie-lacroix-immobilier.com\/wp-content\/uploads\/2025\/07\/Facade-immeuble-cote-Place-des-Marquises-Arcachon-centre-scaled.webp","type":"image\/webp"}],"twitter_card":"summary_large_image","twitter_misc":{"Est. reading time":"1 minute"},"schema":{"@context":"https:\/\/schema.org","@graph":[{"@type":"WebPage","@id":"https:\/\/valerie-lacroix-immobilier.com\/annonce\/appartement-t3-arcachon-centre\/","url":"https:\/\/valerie-lacroix-immobilier.com\/annonce\/appartement-t3-arcachon-centre\/","name":"Appartement T3 - Arcachon centre - Val\u00e9rie Lacroix Immobilier","isPartOf":{"@id":"https:\/\/valerie-lacroix-immobilier.com\/#website"},"primaryImageOfPage":{"@id":"https:\/\/valerie-lacroix-immobilier.com\/annonce\/appartement-t3-arcachon-centre\/#primaryimage"},"image":{"@id":"https:\/\/valerie-lacroix-immobilier.com\/annonce\/appartement-t3-arcachon-centre\/#primaryimage"},"thumbnailUrl":"https:\/\/valerie-lacroix-immobilier.com\/wp-content\/uploads\/2025\/07\/Facade-immeuble-cote-Place-des-Marquises-Arcachon-centre-scaled.webp","datePublished":"2020-05-30T07:00:41+00:00","dateModified":"2025-08-28T14:48:35+00:00","description":"Emplacement tr\u00e8s pris\u00e9 avec vue sur la Place des Marquises pour cet appartement T3 traversant en parfait \u00e9tat.","breadcrumb":{"@id":"https:\/\/valerie-lacroix-immobilier.com\/annonce\/appartement-t3-arcachon-centre\/#breadcrumb"},"inLanguage":"en-US","potentialAction":[{"@type":"ReadAction","target":["https:\/\/valerie-lacroix-immobilier.com\/annonce\/appartement-t3-arcachon-centre\/"]}]},{"@type":"ImageObject","inLanguage":"en-US","@id":"https:\/\/valerie-lacroix-immobilier.com\/annonce\/appartement-t3-arcachon-centre\/#primaryimage","url":"https:\/\/valerie-lacroix-immobilier.com\/wp-content\/uploads\/2025\/07\/Facade-immeuble-cote-Place-des-Marquises-Arcachon-centre-scaled.webp","contentUrl":"https:\/\/valerie-lacroix-immobilier.com\/wp-content\/uploads\/2025\/07\/Facade-immeuble-cote-Place-des-Marquises-Arcachon-centre-scaled.webp","width":2214,"height":2560,"caption":"Fac\u0327ade immeuble co\u0302te\u0301 Place des Marquises Arcachon centre"},{"@type":"BreadcrumbList","@id":"https:\/\/valerie-lacroix-immobilier.com\/annonce\/appartement-t3-arcachon-centre\/#breadcrumb","itemListElement":[{"@type":"ListItem","position":1,"name":"Accueil","item":"https:\/\/valerie-lacroix-immobilier.com\/"},{"@type":"ListItem","position":2,"name":"Appartement T3 &#8211; Arcachon centre"}]},{"@type":"WebSite","@id":"https:\/\/valerie-lacroix-immobilier.com\/#website","url":"https:\/\/valerie-lacroix-immobilier.com\/","name":"Val\u00e9rie Lacroix Immobilier","description":"Bienvenue chez vous","publisher":{"@id":"https:\/\/valerie-lacroix-immobilier.com\/#organization"},"alternateName":"Val\u00e9rie Lacroix Immobilier","potentialAction":[{"@type":"SearchAction","target":{"@type":"EntryPoint","urlTemplate":"https:\/\/valerie-lacroix-immobilier.com\/?s={search_term_string}"},"query-input":{"@type":"PropertyValueSpecification","valueRequired":true,"valueName":"search_term_string"}}],"inLanguage":"en-US"},{"@type":"Organization","@id":"https:\/\/valerie-lacroix-immobilier.com\/#organization","name":"Val\u00e9rie Lacroix Immobilier","url":"https:\/\/valerie-lacroix-immobilier.com\/","logo":{"@type":"ImageObject","inLanguage":"en-US","@id":"https:\/\/valerie-lacroix-immobilier.com\/#\/schema\/logo\/image\/","url":"https:\/\/valerie-lacroix-immobilier.com\/wp-content\/uploads\/2025\/07\/cropped-valerie-lacroix-favicon.png","contentUrl":"https:\/\/valerie-lacroix-immobilier.com\/wp-content\/uploads\/2025\/07\/cropped-valerie-lacroix-favicon.png","width":512,"height":512,"caption":"Val\u00e9rie Lacroix Immobilier"},"image":{"@id":"https:\/\/valerie-lacroix-immobilier.com\/#\/schema\/logo\/image\/"}}]}},"_links":{"self":[{"href":"https:\/\/valerie-lacroix-immobilier.com\/en\/wp-json\/wp\/v2\/at_biz_dir\/100382","targetHints":{"allow":["GET"]}}],"collection":[{"href":"https:\/\/valerie-lacroix-immobilier.com\/en\/wp-json\/wp\/v2\/at_biz_dir"}],"about":[{"href":"https:\/\/valerie-lacroix-immobilier.com\/en\/wp-json\/wp\/v2\/types\/at_biz_dir"}],"author":[{"embeddable":true,"href":"https:\/\/valerie-lacroix-immobilier.com\/en\/wp-json\/wp\/v2\/users\/2"}],"replies":[{"embeddable":true,"href":"https:\/\/valerie-lacroix-immobilier.com\/en\/wp-json\/wp\/v2\/comments?post=100382"}],"wp:featuredmedia":[{"embeddable":true,"href":"https:\/\/valerie-lacroix-immobilier.com\/en\/wp-json\/wp\/v2\/media\/100505"}],"wp:attachment":[{"href":"https:\/\/valerie-lacroix-immobilier.com\/en\/wp-json\/wp\/v2\/media?parent=100382"}],"wp:term":[{"taxonomy":"atbdp_listing_types","embeddable":true,"href":"https:\/\/valerie-lacroix-immobilier.com\/en\/wp-json\/wp\/v2\/atbdp_listing_types?post=100382"},{"taxonomy":"at_biz_dir-category","embeddable":true,"href":"https:\/\/valerie-lacroix-immobilier.com\/en\/wp-json\/wp\/v2\/at_biz_dir-category?post=100382"},{"taxonomy":"at_biz_dir-location","embeddable":true,"href":"https:\/\/valerie-lacroix-immobilier.com\/en\/wp-json\/wp\/v2\/at_biz_dir-location?post=100382"},{"taxonomy":"at_biz_dir-tags","embeddable":true,"href":"https:\/\/valerie-lacroix-immobilier.com\/en\/wp-json\/wp\/v2\/at_biz_dir-tags?post=100382"}],"curies":[{"name":"wp","href":"https:\/\/api.w.org\/{rel}","templated":true}]}}

<div class="elementor-element elementor-element-05f8008 elementor-widget elementor-widget-text-editor is-mac" data-id="05f8008" data-element_type="widget" data-widget_type="text-editor.default">
<h2 class="elementor-widget-container">Emplacement très prisé avec vue sur la Place des Marquises pour ce T3 traversant en parfait état.</h2>
</div>
<div class="elementor-element elementor-element-9c6e398 elementor-widget elementor-widget-text-editor is-mac" data-id="9c6e398" data-element_type="widget" data-widget_type="text-editor.default">
<div class="elementor-widget-container">Beau Type 3 traversant de 68m2 habitables composé comme suit : Salon-séjour de 27m2, cuisine équipée avec sa loggia exposée sud sans vis-à-vis, 2 chambres avec balcons, wc indépendant, une salle de bains.</div>
</div>

<!-- This site is optimized with the Yoast SEO plugin v28.3 - https://yoast.com/product/yoast-seo-wordpress/ -->
<title>Appartement T3 - Arcachon centre - Valérie Lacroix Immobilier</title>
<meta name="description" content="Emplacement très prisé avec vue sur la Place des Marquises pour cet appartement T3 traversant en parfait état." />
<meta name="robots" content="index, follow, max-snippet:-1, max-image-preview:large, max-video-preview:-1" />
<link rel="canonical" href="https://valerie-lacroix-immobilier.com/en/annonce/appartement-t3-arcachon-centre/" />
<meta property="og:locale" content="en_US" />
<meta property="og:type" content="article" />
<meta property="og:title" content="Appartement T3 - Arcachon centre - Valérie Lacroix Immobilier" />
<meta property="og:description" content="Emplacement très prisé avec vue sur la Place des Marquises pour cet appartement T3 traversant en parfait état." />
<meta property="og:url" content="https://valerie-lacroix-immobilier.com/en/annonce/appartement-t3-arcachon-centre/" />
<meta property="og:site_name" content="Valérie Lacroix Immobilier" />
<meta property="article:modified_time" content="2025-08-28T14:48:35+00:00" />
<meta property="og:image" content="https://valerie-lacroix-immobilier.com/wp-content/uploads/2025/07/Facade-immeuble-cote-Place-des-Marquises-Arcachon-centre-scaled.webp" />
	<meta property="og:image:width" content="2214" />
	<meta property="og:image:height" content="2560" />
	<meta property="og:image:type" content="image/webp" />
<meta name="twitter:card" content="summary_large_image" />
<meta name="twitter:label1" content="Est. reading time" />
	<meta name="twitter:data1" content="1 minute" />
<script type="application/ld+json" class="yoast-schema-graph">{"@context":"https:\/\/schema.org","@graph":[{"@type":"WebPage","@id":"https:\/\/valerie-lacroix-immobilier.com\/annonce\/appartement-t3-arcachon-centre\/","url":"https:\/\/valerie-lacroix-immobilier.com\/annonce\/appartement-t3-arcachon-centre\/","name":"Appartement T3 - Arcachon centre - Valérie Lacroix Immobilier","isPartOf":{"@id":"https:\/\/valerie-lacroix-immobilier.com\/#website"},"primaryImageOfPage":{"@id":"https:\/\/valerie-lacroix-immobilier.com\/annonce\/appartement-t3-arcachon-centre\/#primaryimage"},"image":{"@id":"https:\/\/valerie-lacroix-immobilier.com\/annonce\/appartement-t3-arcachon-centre\/#primaryimage"},"thumbnailUrl":"https:\/\/valerie-lacroix-immobilier.com\/wp-content\/uploads\/2025\/07\/Facade-immeuble-cote-Place-des-Marquises-Arcachon-centre-scaled.webp","datePublished":"2020-05-30T07:00:41+00:00","dateModified":"2025-08-28T14:48:35+00:00","description":"Emplacement très prisé avec vue sur la Place des Marquises pour cet appartement T3 traversant en parfait état.","breadcrumb":{"@id":"https:\/\/valerie-lacroix-immobilier.com\/annonce\/appartement-t3-arcachon-centre\/#breadcrumb"},"inLanguage":"en-US","potentialAction":[{"@type":"ReadAction","target":["https:\/\/valerie-lacroix-immobilier.com\/annonce\/appartement-t3-arcachon-centre\/"]}]},{"@type":"ImageObject","inLanguage":"en-US","@id":"https:\/\/valerie-lacroix-immobilier.com\/annonce\/appartement-t3-arcachon-centre\/#primaryimage","url":"https:\/\/valerie-lacroix-immobilier.com\/wp-content\/uploads\/2025\/07\/Facade-immeuble-cote-Place-des-Marquises-Arcachon-centre-scaled.webp","contentUrl":"https:\/\/valerie-lacroix-immobilier.com\/wp-content\/uploads\/2025\/07\/Facade-immeuble-cote-Place-des-Marquises-Arcachon-centre-scaled.webp","width":2214,"height":2560,"caption":"Façade immeuble côté Place des Marquises Arcachon centre"},{"@type":"BreadcrumbList","@id":"https:\/\/valerie-lacroix-immobilier.com\/annonce\/appartement-t3-arcachon-centre\/#breadcrumb","itemListElement":[{"@type":"ListItem","position":1,"name":"Accueil","item":"https:\/\/valerie-lacroix-immobilier.com\/"},{"@type":"ListItem","position":2,"name":"Appartement T3 &#8211; Arcachon centre"}]},{"@type":"WebSite","@id":"https:\/\/valerie-lacroix-immobilier.com\/#website","url":"https:\/\/valerie-lacroix-immobilier.com\/","name":"Valérie Lacroix Immobilier","description":"Bienvenue chez vous","publisher":{"@id":"https:\/\/valerie-lacroix-immobilier.com\/#organization"},"alternateName":"Valérie Lacroix Immobilier","potentialAction":[{"@type":"SearchAction","target":{"@type":"EntryPoint","urlTemplate":"https:\/\/valerie-lacroix-immobilier.com\/?s={search_term_string}"},"query-input":{"@type":"PropertyValueSpecification","valueRequired":true,"valueName":"search_term_string"}}],"inLanguage":"en-US"},{"@type":"Organization","@id":"https:\/\/valerie-lacroix-immobilier.com\/#organization","name":"Valérie Lacroix Immobilier","url":"https:\/\/valerie-lacroix-immobilier.com\/","logo":{"@type":"ImageObject","inLanguage":"en-US","@id":"https:\/\/valerie-lacroix-immobilier.com\/#\/schema\/logo\/image\/","url":"https:\/\/valerie-lacroix-immobilier.com\/wp-content\/uploads\/2025\/07\/cropped-valerie-lacroix-favicon.png","contentUrl":"https:\/\/valerie-lacroix-immobilier.com\/wp-content\/uploads\/2025\/07\/cropped-valerie-lacroix-favicon.png","width":512,"height":512,"caption":"Valérie Lacroix Immobilier"},"image":{"@id":"https:\/\/valerie-lacroix-immobilier.com\/#\/schema\/logo\/image\/"}}]}</script>
<!-- / Yoast SEO plugin. -->

Appartement T3 - Arcachon centre - Valérie Lacroix Immobilier

Emplacement très prisé avec vue sur la Place des Marquises pour cet appartement T3 traversant en parfait état.

Valérie Lacroix Immobilier
